 s*v - 5*t - 93. What is the tens digit of v?
1
Suppose -2*b + 0*b = -4*d - 6, -4*d - 3*b + 9 = 0. Let g = 6 + d. Suppose 5*j - 19 = g. What is the units digit of j?
5
Let j(x) = 23*x**2 + x - 2. Let b be j(1). Suppose -46 = 4*g + 6. Let f = g + b. What is the units digit of f?
9
Let l(t) = t**2 - 6*t + 5. Let u be l(6). Let n(w) = 2*w - 4. Let z be n(u). What is the units digit of (-5)/15 - (-8)/z?
1
Let m be 8/6*(11 - 23). What is the tens digit of 94/8 - (-12)/m?
1
Let h be -3*(-1976)/12 - -3. What is the tens digit of h/35 + 1/(-5)?
1
Let n(g) be the first derivative of g**3/3 + 3*g**2/2 - 5*g - 6. What is the tens digit of n(4)?
2
What is the units digit of (-16)/72 - (616/(-9))/2?
4
What is the tens digit of 248/3*6/4?
2
Let m = 4 - 1. Suppose -m = 4*z - 15. What is the units digit of z?
3
Let b be 2 - 14 - 2/2. Let i = -1 + b. Let m = -8 - i. What is the units digit of m?
6
Let k(r) = -4*r + 1 + 2*r**3 + 0*r**2 + 2*r**2 - r**3. Let j be k(-3). Let b = j + -3. What is the units digit of b?
1
Suppose -42 = -4*t - 2*f, 4*t - 4*f - 28 - 44 = 0. Suppose t = 3*y + 2*w - 27, 4*y - 5*w - 15 = 0. Suppose -4*v = -22 - y. What is the units digit of v?
8
Let b(x) = -x**3 + 7*x**2 - 2*x + 5. What is the units digit of b(6)?
9
Let z = 4 + 21. What is the tens digit of z?
2
Let u = 7 - 8. Let y(d) = -16*d - 1. What is the units digit of y(u)?
5
Let p(r) be the second derivative of -r**4/12 - 3*r**3/2 - 3*r**2 + 5*r. What is the tens digit of p(-6)?
1
Let f(w) = w + 1. Let i be f(-1). Suppose -6*z + 2*z + 36 = i. Let o = -6 + z. What is the units digit of o?
3
Suppose 20 = 2*t - 60. What is the tens digit of t?
4
Let p(k) = 89*k**2 + 2*k + 3. What is the units digit of p(-1)?
0
Let b be -2 - 5 - (3 - 0). What is the tens digit of (-485)/b + 1/(-2)?
4
Let w = 9 + -7. Let r be (2/(-4))/(w/(-16)). Suppose 5*s + 5*z = 15, -r*s + z + 14 = -13. What is the units digit of s?
6
Suppose z + 45 = 4*z. What is the units digit of ((-4)/(-3))/(5/z)?
4
Suppose 100 = 3*a + a + 4*j, -5*a = -3*j - 165. What is the units digit of a?
0
Let o(f) = 10*f - 1. Let n(r) = -10*r + 1. Let y(i) = 2*n(i) + 3*o(i). What is the units digit of y(1)?
9
Let w = -42 - -17. Let i be (-10)/w - 47/5. What is the units digit of i/(-12) - 34/(-8)?
5
Let x = 71 - 40. What is the units digit of x?
1
Let v = 6 - 2. Suppose v*n + 1 = -4*y + 3*y, 2*y + 4*n = 6. Suppose 5*b - y = 8. What is the units digit of b?
3
Suppose 6*h + 11*h - 5151 = 0. What is the units digit of h?
3
Suppose -t - 3*s + 87 = 0, -4*s + 474 = 5*t - 2*s. Let n = t - 63. What is the units digit of n?
3
Suppose -5*x = -a + 94, -3*a + 3*x + 256 = x. What is the units digit of a?
4
Suppose b + 5*b = 276. What is the tens digit of b?
4
Let y(w) be the second derivative of w**5/20 - 3*w**4/4 + w**3/3 - 13*w**2/2 - w. Suppose 9*j = 4*j + 45. What is the units digit of y(j)?
5
Let y(k) = -k + 5. Let f be y(5). Let j(l) be the second derivative of -l**3/6 + l**2/2 - l. What is the units digit of j(f)?
1
Let h = -1 + 1. Let i = -4 + 16. Suppose h = q + 3*q - i. What is the units digit of q?
3
What is the tens digit of ((-216)/84)/(-1*3/28)?
2
Suppose 10*h + 2*p = 7*h + 743, -4*h = -2*p - 972. What is the tens digit of h?
4
Let j(g) = -g**2 - 7*g + 3. Let t be j(-7). Suppose -3*y + 2*r + 62 = -3*r, -t*r - 54 = -3*y. What is the tens digit of y?
1
Let o(b) = -3*b - 4. Let p be o(-2). Suppose 0 = -p*v - 3*d + 19, 79 = 5*v - 3*d - 0*d. What is the units digit of v?
4
Suppose 2*z - 3 = 4*t - t, 24 = 3*z + 2*t. What is the units digit of z/(-21) + 65/7?
9
Let y = -16 + 9. Let f = y + 4. What is the units digit of f + 3 - (-4 + -1)?
5
Let o = -9 - 2. Let t(z) = -z + 3. What is the units digit of t(o)?
4
Let t = -22 - -64. What is the tens digit of t?
4
Let k = -4 + 9. Let f(h) = 7*h**2 + 3*h + k + 9*h - 4*h - h**3. What is the units digit of f(8)?
5
Let s = 105 + -13. Suppose 5*t - 89 = 3*i + s, -4*t + 150 = -5*i. What is the units digit of t?
5
Let w(m) = -6*m**3 - 2*m - 1. Let p be w(-1). Let x(r) = -r + 0*r + 10 + 0*r. What is the units digit of x(p)?
3
Let l = -18 + 44. Let h be ((-14)/7)/(4/l). Let w = h - -19. What is the units digit of w?
6
Let v = -4 + 7. Suppose -h - v*i + 7 = -i, 0 = 2*i + 4. What is the tens digit of h?
1
Let w(f) = -f**3 + 5*f**2 + 7*f - 9. Let k be w(6). What is the units digit of (k - (-7)/2)*20?
0
Suppose 0 = -2*t + 12*t - 900. What is the units digit of t?
0
Let p(k) be the first derivative of k**3/3 - 3*k**2/2 + 4*k + 4. What is the units digit of p(5)?
4
Let d(a) = -2*a**2 - 3*a - 4. Let y(q) = 4*q**2 + 7*q + 7. Let w(v) = 5*d(v) + 3*y(v). What is the tens digit of w(-5)?
2
Suppose 0 = 4*m - 3*m - 9. Let n = 14 - m. What is the units digit of n?
5
Let t be (-1)/((-2)/(-90)) - -2. Let n be 5*(0 - (-4)/5). What is the units digit of n/18 + t/(-9)?
5
Let p(l) = 14*l + 4. What is the tens digit of p(4)?
6
Let r be 4/(-8) - 15/(-2). Let j = r + -4. Suppose 5 - j = 2*a. What is the units digit of a?
1
Let a be 6/(-14) - (-17)/7. Suppose -170 = -3*k - a*k. What is the units digit of k?
4
Suppose -4*w + 0*h + 12 = -2*h, 4*w - 4*h - 12 = 0. Suppose 0 = -w*s - 0*s - 6. What is the units digit of (((-8)/(-2))/(-1))/s?
2
Let s = 35 + -22. Suppose -7 = -4*a + s. Let c = -4 + a. What is the units digit of c?
1
Suppose 64 + 11 = 5*b. Let v = 5 + b. What is the units digit of v?
0
Suppose -2*v = -7*v + 15. Suppose 3 + 3 = v*d. Suppose -r + d*r - 10 = 0. What is the units digit of r?
0
Let f(q) = 2*q + 4. Let j be f(5). What is the units digit of 2/(-7) - (-116)/j?
8
Suppose 0 = -5*r + 7*r - 48. Suppose -3*t + 18 = -r. What is the units digit of t?
4
Let d be ((-11)/2)/((-4)/8). Let t = 21 - d. What is the tens digit of t?
1
Suppose 0 + 2 = -j + 3*d, -24 = -4*j - 4*d. What is the units digit of 2/j + 3/6?
1
Let l(r) = r - 1. Let j(m) = -4*m + 10. Let s(a) = -j(a) - 2*l(a). What is the units digit of s(8)?
8
Let a(j) = j**3 - 5*j**2 + 5. Let r be a(5). Let n(s) = r*s - 4*s - 2*s. What is the units digit of n(-1)?
1
Let q = 54 - 26. Suppose -2*m + 18 = u + m, -u + q = 5*m. Suppose -3*l - u*w - 3 = -l, 4*w + 32 = 2*l. What is the units digit of l?
6
Let b(f) = 16*f - 3. Let h be b(-4). Let i = -44 - h. What is the units digit of i?
3
Let w(o) = 2*o - 2. Let a be w(6). Let q = a + -16. What is the units digit of q/9*81/(-6)?
9
Let a(j) = -j**2 - 4*j - 1. Let f be a(-5). What is the units digit of ((-3)/f)/(1/2)?
1
Suppose -r = -3 - 0, r + 30 = x. What is the units digit of x?
3
Let b(v) = -v**2 + 4*v - 1. Let w be b(2). Suppose -5 = -4*k + w. Suppose -k*y + 8 = -0*y. What is the units digit of y?
4
Let d(c) = 28*c**3 + c**2 + 1. What is the tens digit of d(1)?
3
Let o(h) = -h**3 - 6*h**2 + 6*h + 1. Let d be o(-7). Suppose -d = 2*p - 5*l, 0 = -3*p + p + 2*l + 4. Let f = p + 1. What is the units digit of f?
7
Suppose -5*l - 9 = 46. Let p(x) = -x**2 - 14*x - 7. What is the units digit of p(l)?
6
Let t(y) = 44*y - 3. What is the units digit of t(2)?
5
Let i(g) = -g**3 - 10*g**2 + 9*g + 11. What is the units digit of i(-11)?
3
What is the tens digit of 242/8 + (-12)/48?
3
Let a(r) = r + 5. Let b be a(5). Let d = -5 + b. Suppose -c - 4 = -d*c. What is the units digit of c?
1
Let d(x) = -1. Let o(j) = j + 14. Let u(z) = 5*d(z) + o(z). Let n be u(-6). Suppose 3*y + 36 = -4*k + 5*k, 2*y = n*k - 73. What is the tens digit of k?
2
What is the units digit of (-2)/3 - 925/(-15)?
1
Let i(o) = -o**2 - o**2 + 4*o**2 + 0*o**3 - 18*o**3 + o. What is the units digit of i(-1)?
9
Let k = 3 + 1. Suppose 4*i - 16 = -k. What is the units digit of i?
3
Let a = -34 - -89. What is the units digit of a?
5
Suppose 20 = 3*h - 4*i - 6, 4*h + 5*i = -17. Suppose -6 = -j - 0*j. Suppose -o - j = -4*f, -h*o + 8 = -f + 3*o. What is the units digit of f?
2
Let w(a) = 3*a**2 - 2*a + 12. What is the units digit of w(6)?
8
Let o be ((-88)/(-6))/((-4)/(-6)). Let x be 48/o + (-14)/77. Suppose x*n - 7 = 3. What is the units digit of n?
5
Let z be 2/4*8 - 1. Suppose -z*w - 10 + 31 = 0. Suppose -w = -3*b - 4. What is the units digit of b?
1
Suppose -4*d + 25 = d. Suppose 0*v - d*v + 2*a + 11 = 0, 3*v - 3 = 3*a. What is the units digit of v?
3
Suppose 4 = 2*w - 6. Suppose 6 = j - w. What is the units digit of j?
1
Let h = -132 + 216. What is the units digit of h?
4
Let